k**2 + 2*k**2 - l*k**2 - 2*k**2. Give b(-1).
-2
Let r(q) = -2*q**2 + 8*q - 6. Let h(j) = -j**2 + j - 10 - 10 + 20. Let l(z) = 3*h(z) - r(z). What is l(-5)?
6
Let x(s) be the second derivative of -s**4/12 + 7*s**3/6 - 9*s**2/2 + 12*s. Give x(6).
-3
Let r(k) = -5*k + 6. Let v(z) = -13*z + 10. Let a(h) = 1. Let i(t) = 10*a(t) + 2*v(t). Let u(c) = -3*i(c) + 16*r(c). Suppose -140 + 164 = 6*p. Calculate u(p).
-2
Let q be (5 - (8 + -1)) + (0 - 1). Let i = 13 + -7. Let m(y) = 4*y**2 - 1 - 3*y + i*y + y**3 + 0*y + y. What is m(q)?
-4
Suppose 4*p - 2 = -7*m + 5*m, 2*m = 3*p + 23. Let i(y) = 2*y**2 - 14*y + 2. What is i(m)?
2
Let a(m) be the third derivative of 0 - 2*m**2 - 1/3*m**3 + 1/8*m**4 + 0*m. Determine a(-2).
-8
Let y(w) = 3*w. Suppose 3*j + 60 = 2*b, -124 = -5*b + 2*j + 4. Let h = -27 + b. Calculate y(h).
-9
Let x(t) = t**3 + 3*t**2 + t. Suppose 3*j - 9 = 4*c, 4*j + 0*j = -3*c - 13. Determine x(c).
-3
Let u(o) = -o**2 + 21*o - 103. Let r be u(13). Let w(x) = 14*x**2 + 1. What is w(r)?
15
Let c(k) = -5*k**2 + k**3 + 221 - 453 + 224 - 5*k. What is c(6)?
-2
Let m(y) = -29*y. Let v(f) = f**3 + 8*f**2 - 16*f + 41. Let b be v(-10). Give m(b).
-29
Suppose 183*q - 12*q + 171 = 0. Let p(r) = -2 - 2*r + 1 - 4*r. Give p(q).
5
Let r(m) = -m + 4. Let q be r(0). Suppose 4 = u + a + 1, 4*a + q = -2*u. Let k = -13 + u. Let p(b) = 2*b + 7. What is p(k)?
-3
Let m(l) = 2*l - 8. Let o be 7 + (84/7)/(-4). Determine m(o).
0
Let a(j) = j**3 - 6*j**2 + j + 7. Let f(x) = x**2 - 33*x + 95. Let o be f(3). Calculate a(o).
-13
Let f(o) be the first derivative of -o**5/60 + 7*o**4/24 - 5*o**3/6 + 7*o**2 + 24. Let m(n) be the second derivative of f(n). What is m(7)?
-5
Let j(h) = 3*h**2 - h - 3. Let t(d) = 2*d**2 - d - 2. Let x(o) = 5*j(o) - 7*t(o). Let y(i) = 4*i**3 + 1 + i**2 + 0 + 1 - 3*i**3. Let n be y(-2). Determine x(n).
-1
Let r(y) = -4*y**2 - 3*y - y**3 + 8 + 0*y**2 - 3*y**2. Suppose 5*h + 40 = 2*z, -4*h = -5*h - 3*z + 9. Calculate r(h).
-10
Let f(c) be the third derivative of -c**4/12 - 2*c**3/3 - 82*c**2. Give f(-4).
4
Suppose -9*n = -2264 + 2228. Let q(x) = 3*x**2 - 5*x + 6. Let k(a) = -a. Let g(y) = -2*k(y) - q(y). Calculate g(n).
-26
Let v(t) = 3*t + 4 - 6 - 4 + 0*t. Let f be v(3). Let g(o) be the second derivative of o**3/3 - o**2/2 + 2*o. What is g(f)?
5
Let y be (1 - (2 - 1))/1. Let g(s) = -3*s - 2. Suppose -3*b - 6 = z, -z = 7 - 4. Let d(r) = -r + 1. Let k(o) = b*g(o) + 4*d(o). Calculate k(y).
6
Let q(z) = -z**3 - 4*z**2 - 3*z. Let a = -209 + 205. Give q(a).
12
Let y be (-5)/(-6) + (-244)/(-1464). Let f(m) be the second derivative of 3*m**5/20 + m**3/6 - m**2/2 + 2*m. Determine f(y).
3
Let p be (1 - (-5)/25)/(4/(-10)). Let z = p - -3. Let v(r) = 14*r + 8. Let s(j) = -5*j - 3. Let l(o) = -11*s(o) - 4*v(o). Calculate l(z).
1
Let h(d) = 9 + 7*d - 3*d + 5 + 2 - 5. Calculate h(-3).
-1
Suppose 4*p = 5*k - 25, -4*p - 1 = -k + 4. Let o(v) = -2*v**2 + 2*v + 2. Let h(z) = 9*z**2 - 5*z - 13. Let b(c) = h(c) + 5*o(c). Calculate b(k).
-3
Let f = 27 + -1. Suppose 7*c - 51 = f. Let k(u) = 4 + u - 18 + 6 + c. What is k(7)?
10
Let h(k) = -3*k + 34. Let m(j) = 4*j - 37. Let p(t) = 5*h(t) + 4*m(t). What is p(-27)?
-5
Let o = 16 + -18. Let a be (o/3)/(1/(-6)). Let w(k) = 1 - k + a*k - k. Determine w(5).
11
Let k(d) = -2*d**3 + 10*d**2 - 11*d + 1. Let m = -34 + 35. Let u(y) = y**3 - y**2 + y. Let c(n) = m*k(n) + 3*u(n). Calculate c(-8).
1
Let h(s) be the third derivative of -s**6/120 + 7*s**5/60 + s**4/12 - 7*s**3/6 - 5*s**2 + 1. Determine h(7).
7
Let k(l) = -2*l**3 + 3*l**2 - l - 1. Let m(r) = -2*r**3 + 2*r**2. Let f(z) = -3*z - 3. Let p be f(0). Let s(c) = p*m(c) + 2*k(c). Determine s(-2).
-14
Let m = 0 + 0. Suppose 0 = 2*o - m - 4. Let j(g) = -3*g**o + 2*g**2 + 5*g + 4 + 2*g**2. Calculate j(-5).
4
Let s(b) be the third derivative of 0*b + 1/60*b**5 - 1/4*b**4 + 0 + b**3 - 16*b**2. Give s(6).
6
Let r(m) = -m**2 - 7*m - 2. Suppose 0 = 9*l + 3*l + 60. Let y(d) = d**2 + 5*d - 7. Let w be y(l). Determine r(w).
-2
Let f(v) = -16*v + 8. Let k(a) = 4*a - 2. Let q(u) = -2*f(u) - 9*k(u). Give q(-3).
14
Let o(p) = 26*p. Let w(k) = 7*k. Let x(d) = 5*o(d) - 20*w(d). Give x(1).
-10
Let f(d) = -2*d. Let k(g) = 5*g + 6. Let z(o) = 2*f(o) + k(o). Give z(-3).
3
Let l(g) = 7*g + 9. Let k(n) = 2*n + 2. Let h(w) = -6*k(w) + 2*l(w). Determine h(-3).
0
Let v(i) = 21*i**3 - 2*i**2 - 2*i - 1. Let h = 51 + -49. Let d be (h + -2 + -1)*(-2)/(-2). Give v(d).
-22
Let s(o) = -4 - 8 + 4 - 2*o. Suppose -145 = 21*g - 19. Calculate s(g).
4
Let t(r) = -19*r - 37. Let n(d) = -201*d - 372. Let b(u) = 2*n(u) - 21*t(u). What is b(14)?
-9
Let l(t) = -t**2 - 10*t + 5. Let g = -143 - -135. Determine l(g).
21
Let t(r) = -2*r - 6 + 0 - 1. Suppose -3*y = -5*y - 40. Let o = -27 - y. What is t(o)?
7
Let a(b) = 14*b**2 - 30*b - 1. Let w(y) = 17*y**2 - 31*y - 2. Let c(t) = 5*a(t) - 4*w(t). What is c(13)?
3
Let g(j) = 5*j - 4*j - 21 + 11 + 0*j. Let r(o) = 4*o - 40. Let a(k) = 9*g(k) - 2*r(k). Let d be (-2)/3 + 20/3. Calculate a(d).
-4
Let y(j) = -39*j + 27. Let u(d) = 3*d - 2. Let n be -1*(-51 + (-3)/1). Let h(f) = n*u(f) + 4*y(f). Give h(-1).
-6
Let m be (-7)/((-28)/3) + 46/(-8). Let y(r) be the second derivative of r**5/20 + 5*r**4/12 - r**2 - 6*r. Calculate y(m).
-2
Let a(n) = -n**3 - 5*n**2 - 6*n - 3. Suppose 2*y + 23 = -5*x + 2*x, 5*y = 5*x + 5. Calculate a(y).
5
Let z(a) = -a**3 + 1153*a - 1169*a + 5*a**2 + 5*a**2 - 8. Give z(8).
-8
Let w(o) = -83 + 83 + 0*o + o. Let k(b) = 4*b + 4. Let a(g) = -k(g) + 6*w(g). What is a(-8)?
-20
Let f(s) be the first derivative of -s**4/4 - 2*s**3 - 5*s**2/2 + 6*s - 11. Suppose 18*r - 23*r = 25. What is f(r)?
6
Let m(r) = r**3 + 3*r**2 + r + 1. Let c(n) = -n**2 - 6*n + 4. Let s(a) = -5*a - 7. Let f be s(-7). Suppose -6*i - f = -2*i. Let l be c(i). Determine m(l).
-2
Let g(b) = -1555*b - 3 + 7*b**2 + 1545*b + b**3 - 6. Determine g(-8).
7
Let c(l) be the third derivative of -l**4/2 - 4*l**3/3 - 169*l**2. What is c(-1)?
4
Let i be (1 + 2/8)*8. Let l = 4 + -2. Let v(w) = 5*w + i*w**2 - l*w**2 - 7*w**2. What is v(-3)?
-6
Let p = 3 + -1. Let h(l) = 2*l + 0*l - p + 2*l - 2*l. Give h(2).
2
Let h = 379 + -373. Let d(f) = 3*f + 13. What is d(h)?
31
Let f(m) = 6*m + 3. Let z(u) = 13*u + 6. Let v(r) = 9*f(r) - 4*z(r). Let x(b) = b**2 + 11*b + 14. Let w be x(-9). Determine v(w).
-5
Let v(s) be the second derivative of -s**7/2520 - s**6/144 - s**5/60 - 3*s**4/4 + s**2/2 + 2*s - 13. Let l(p) be the third derivative of v(p). What is l(-4)?
2
Let l(t) = -7*t + 0*t + 4 + t**2 - 2*t**2. Let s = -2790 - -2784. Calculate l(s).
10
Let j(f) = 2*f**2 - 6*f + 2. Suppose 0 = -51*k + 57*k - 24. Give j(k).
10
Let s(v) be the second derivative of v**4/12 + 5*v**3/6 - 75*v. What is s(-5)?
0
Let n(r) = -16 + 5 + 12 - 6*r - r. Determine n(-4).
29
Let b = 11 - 55. Let q = b - -32. Let v(i) = -i - 10. Give v(q).
2
Let s(m) = 12*m**3 + 2*m**2 - m - 1. Let v be s(1). Let q(d) = 7*d - 11 + 18 - 4*d + d**3 + 5*d**2 - v. Give q(-4).
-1
Let s(y) = y + 1. Let i(k) = -k**2 - 8*k + 14. Let v(g) = -9*g**2 - 1. Suppose 4*b = -5*m + 1, -4*b - m - 5 + 2 = 0. Let q be v(b). Let d be i(q). What is s(d)?
-5
Let z(y) = -y**2 - 10*y + 4. Let i be z(-7). Let d(w) = w + i*w**2 - 23*w**2 + 8*w**3 - w**3. Suppose -5*m = -4*g + 17, 0 = g + 4*g - 15. Determine d(m).
-6
Let y be (-1 + 3 - 5) + -1. Let b(r) be the first derivative of r**3/3 + 7*r**2/2 - 3*r - 12. Calculate b(y).
-15
Suppose -4*g + g - 9 = 0. Let l(b) be the third derivative of -b**4/24 - b**3/6 - 9*b**2. Calculate l(g).
2
Let o be (-93)/(-7) + (-2)/7. Let r(u) = o - 6 + u**3 + u**2 - 6*u + u - 9. Determine r(-3).
-5
Suppose -4*x - m + 5 = 0, 22 = 3*x - 4*m + 4. Let r be (2/x)/(-2 + 3). Let l(d) = -7*d + 11. Let a(p) = -5*p + 13. Let c(y) = 5*a(y) - 6*l(y). Give c(r).
16
Let r(m) = 4*m**2 + m**3 - 11*m + 17 + 17 + 4*m - 35. Suppose u - 14 = -u. Let o(x) = -2*x + 9. Let a be o(u). Give r(a).
9
Let k(i) = -i + 40. Let s(y) = 3*y - 64. Let a(c) = 2*k(c) + s(c). Suppose -w + 7*u + 12 = 3*u, -5*u = 15. Determine a(w).
16
Let z = -11 + 31. Suppose 3*q + 5*m = z, -q + 2 = -3*m - 0. Let p(n) = -4*n - 1. Let j(f) = -f**2 + 5*f + 1. Let w(y) = q*j(y) + 6*p(y). What is w(1)?
-5
Let f(n) be the first derivative of -11*n**3/6 + 3*n - 5. Let u(o) be the first derivative of f(o). Calculate u